digit of 547563708?
7
What is the thousands digit of 488390509?
0
What is the units digit of 62188548?
8
What is the hundreds digit of 330321773?
7
What is the ten millions digit of 68123709?
6
What is the hundred millions digit of 209289197?
2
What is the tens digit of 81194373?
7
What is the millions digit of 37424097?
7
What is the ten millions digit of 156710632?
5
What is the hundreds digit of 3576470078?
0
What is the units digit of 2135237427?
7
What is the tens digit of 1127417?
1
What is the ten thousands digit of 6300477?
0
What is the thousands digit of 18832805?
2
What is the billions digit of 1157902901?
1
What is the units digit of 6056964856?
6
What is the ten thousands digit of 2225765703?
6
What is the hundred millions digit of 4044405003?
0
What is the hundred thousands digit of 166142295?
1
What is the billions digit of 4570203000?
4
What is the thousands digit of 66399574?
9
What is the hundreds digit of 259831709?
7
What is the ten thousands digit of 650069331?
6
What is the units digit of 10863599?
9
What is the millions digit of 61576594?
1
What is the units digit of 215018342?
2
What is the tens digit of 176310856?
5
What is the thousands digit of 1536832634?
2
What is the ten millions digit of 21453836?
2
What is the hundred thousands digit of 325305051?
3
What is the ten thousands digit of 280692579?
9
What is the ten millions digit of 13313433?
1
What is the hundreds digit of 176173114?
1
What is the hundreds digit of 208117845?
8
What is the thousands digit of 4198272273?
2
What is the millions digit of 90802302?
0
What is the units digit of 391259936?
6
What is the ten millions digit of 3264387838?
6
What is the ten thousands digit of 9743221?
4
What is the hundred thousands digit of 611949055?
9
What is the hundreds digit of 743775667?
6
What is the thousands digit of 4428326?
8
What is the millions digit of 427711051?
7
What is the units digit of 509557714?
4
What is the hundreds digit of 86107796?
7
What is the hundreds digit of 2946264471?
4
What is the thousands digit of 71797765?
7
What is the millions digit of 139257188?
9
What is the tens digit of 596148318?
1
What is the tens digit of 80116289?
8
What is the hundred thousands digit of 1070692352?
6
What is the hundred thousands digit of 13975814?
9
What is the millions digit of 81166046?
1
What is the units digit of 6128998025?
5
What is the hundreds digit of 38570361?
3
What is the ten millions digit of 69701304?
6
What is the ten thousands digit of 1137226307?
2
What is the ten millions digit of 4211786392?
1
What is the tens digit of 365552517?
1
What is the tens digit of 48686580?
8
What is the thousands digit of 802422120?
2
What is the units digit of 2270194971?
1
What is the hundred thousands digit of 56605279?
6
What is the hundred thousands digit of 16667980?
6
What is the ten thousands digit of 260307524?
0
What is the units digit of 52962771?
1
What is the hundred thousands digit of 537851528?
8
What is the ten thousands digit of 507364306?
6
What is the hundred millions digit of 4253028418?
2
What is the millions digit of 154495682?
4
What is the hundred thousands digit of 24608334?
6
What is the ten millions digit of 37380331?
3
What is the ten thousands digit of 736770315?
7
What is the hundred thousands digit of 9412655?
4
What is the hundreds digit of 66129988?
9
What is the millions digit of 32930289?
2
What is the tens digit of 39432845?
4
What is the ten millions digit of 1800672341?
0
What is the ten thousands digit of 8476137726?
3
What is the hundreds digit of 22016256?
2
What is the ten thousands digit of 1201391441?
9
What is the units digit of 17556244?
4
What is the hundred millions digit of 4657068454?
6
What is the millions digit of 386188336?
6
What is the units digit of 234424461?
1
What is the hundreds digit of 434388707?
7
What is the hundred thousands digit of 137351095?
3
What is the millions digit of 145814286?
5
What is the ten millions digit of 20647393?
2
What is the hundred thousands digit of 1562486?
5
What is the tens digit of 179066955?
5
What is the hundred millions digit of 5888691434?
8
What is the hundred thousands digit of 809541104?
5
What is the hundred millions digit of 579862904?
5
What is the hundred thousands digit of 1268192855?
1
What is the hundred millions digit of 250899065?
2
What is the ten thousands digit of 37546700?
4
What is the thousands digit of 734603430?
3
What is the hundred millions digit of 3559734768?
5
What is the units digit of 20686738?
8
What is the millions digit of 474230184?
4
What is the tens digit of 208494710?
1
What is the tens digit of 12588386?
8
What is the millions digit of 1272097267?
2
What is the hundred thousands digit of 219780071?
7
What is the hundreds digit of 50452944?
9
What is the units digit of 584048063?
3
What is the ten thousands digit of 13751696?
5
What is the hundred millions digit of 979930932?
9
What is the units digit of 71477980?
0
What is the millions digit of 57829261?
7
What is the hundred thousands digit of 36522543?
5
What is the units digit of 42572690?
0
What is the hundred thousands digit of 8989845?
9
What is the tens digit of 31836505?
0
What is the millions digit of 79709883?
9
What is the units digit of 225614664?
4
What is the hundred millions digit of 3625880933?
6
What is the ten thousands digit of 139217344?
1
What is the millions digit of 507126676?
7
What is the millions digit of 99581546?
9
What is the billions digit of 1363767926?
1
What is the ten millions digit of 32136860?
3
What is the thousands digit of 20976882?
6
What is the millions digit of 453588841?
3
What is the hundreds digit of 1042714684?
6
What is the hundreds digit of 1648533601?
6
What is the hundred thousands digit of 45634672?
6
What is the ten millions digit of 41261680?
4
What is the units digit of 1727321167?
7
What is the tens digit of 77223701?
0
What is the hundred thousands digit of 703152447?
1
What is the tens digit of 51084840?
4
What is the millions digit of 176121226?
6
What is the thousands digit of 972610386?
0
What is the ten thousands digit of 121780846?
8
What is the hundred thousands digit of 66800464?
8
What is the millions digit of 198296305?
8
What is the hundreds digit of 73522510?
5
What is the hundreds digit of 17757091?
0
What is the hundreds digit of 2235620066?
0
What is the ten thousands digit of 122541432?
4
What is the hundred thousands digit of 69229791?
2
What is the units digit of 437518679?
9
What is the millions digit of 2021491966?
1
What is the tens digit of 2627179101?
0
What is the tens digit of 57695190?
9
What is the hundred thousands digit of 2025826597?
8
What is the units digit of 6800432?
2
What is the ten thousands digit of 304692862?
9
What is the tens digit of 333489281?
8
What is the units digit of 3551281172?
2
What is the millions digit of 1044750726?
4
What is the units digit of 18516791?
1
What is the millions digit of 223544129?
3
What is the hundred millions digit of 1748258839?
7
What is the ten millions digit of 1412859339?
1
What is the hundreds digit of 43131248?
2
What is the tens digit of 7906191174?
7
What is the millions digit of 157647073?
7
What is the ten thousands digit of 412006550?
0
What is the ten millions digit of 3849615083?
4
What is the tens digit of 6186100?
0
What is the millions digit of 97138396?
7
What is the hundreds digit of 37432098?
0
What is the hundreds digit of 71686937?
9
What is the ten thousands digit of 561304411?
0
What is the hundreds digit of 16424578?
5
What is the units digit of 39473027?
7
What is the hundred thousands digit of 5763261371?
2
What is the hundred millions digit of 557091827?
5
What is the units digit of 419912916?
6
What is the units digit of 2435986009?
9
What is the hundred thousands digit of 677209218?
2
What is the units digit of 63126805?
5
What is the hundreds digit of 72615550?
5
What is the millions digit of 777093368?
7
What is the ten thousands digit of 802051174?
5
What is the thousands digit of 246550284?
0
What is the hundred millions digit of 2795723928?
7
What is the hundred thousands digit of 494194828?
1
What is the ten millions digit of 7099614983?
9
What is the hundred thousands digit of 389391417?
3
What is the millions digit